{"id":204,"date":"2024-03-04T20:19:25","date_gmt":"2024-03-04T19:19:25","guid":{"rendered":"https:\/\/lesamisdelasaintechapelle.com\/?page_id=204"},"modified":"2024-04-11T11:45:55","modified_gmt":"2024-04-11T09:45:55","slug":"lorgue-de-la-chapelle-ducale","status":"publish","type":"page","link":"https:\/\/lesamisdelasaintechapelle.com\/index.php\/lorgue-de-la-chapelle-ducale\/","title":{"rendered":"L&rsquo;orgue de la chapelle ducale"},"content":{"rendered":"\n<div class=\"wp-block-columns are-vertically-aligned-center is-layout-flex wp-container-core-columns-is-layout-9d6595d7 wp-block-columns-is-layout-flex\">\n<div class=\"wp-block-column is-vertically-aligned-center is-layout-flow wp-block-column-is-layout-flow\" style=\"flex-basis:60%\">\n<p>L\u2019orgue de la Ste Chapelle de Chamb\u00e9ry vient d\u2019\u00eatre restaur\u00e9 par l\u2019atelier de Bertrand Cattiaux, facteur d\u2019orgues en Corr\u00e8ze. Ce facteur a restaur\u00e9 beaucoup d\u2019orgues historiques fran\u00e7ais et construit, entre autres, l\u2019orgue de &nbsp;la Chapelle royale du Ch\u00e2teau de Versailles. Il travaille en ce moment, avec Pascal Quoirin, \u00e0 la restauration du grand orgue de Notre Dame de Paris.<\/p>\n\n\n\n<p>L\u2019orgue de la Ste Chapelle de Chamb\u00e9ry a \u00e9t\u00e9 construit en 1975, sous l\u2019impulsion des Amis de la Sainte Chapelle et de Michel Dumont-Mollard, dans un buffet ancien, de Fran\u00e7ois Cu\u00e9not, dat\u00e9 de 1675. Il ne restait rien de l\u2019instrument originel de Etienne S\u00e9not construit dans cette boiserie.<\/p>\n\n\n\n<p>Cet instrument a \u00e9t\u00e9 construit par la manufacture lorraine Haepfer-Erman. Apr\u00e8s de tr\u00e8s nombreux concerts et une utilisation intensive par le Conservatoire, une restauration s\u2019imposait. Le projet, engag\u00e9 depuis plus d\u2019une d\u00e9cennie, s\u2019est logiquement concr\u00e9tis\u00e9 apr\u00e8s la restauration de l\u2019int\u00e9rieur de l\u2019\u00e9difice.<\/p>\n\n\n\n<p>Le Conseil G\u00e9n\u00e9ral de la Savoie, propri\u00e9taire de l\u2019orgue, a enti\u00e8rement financ\u00e9 la pr\u00e9sente restauration.<\/p>\n\n\n\n<p>Celle-ci a consist\u00e9 en un d\u00e9montage total de la tuyauterie, une reprise de la composition, avec changement de certains jeux, et un compl\u00e8te r\u00e9harmonisation de l\u2019ensemble. Les choix esth\u00e9tiques de cette restauration, \u00e9tablis conjointement par le technicien conseil Eric Brottier, les principaux utilisateurs Etienne Baillot et Dominique Chalmin, ainsi que le facteur, orientent l\u2019instrument vers des sonorit\u00e9s baroques germaniques.<\/p>\n<\/div>\n\n\n\n<div class=\"wp-block-column is-vertically-aligned-center is-layout-flow wp-block-column-is-layout-flow\" style=\"flex-basis:40%\">\n<div class=\"alignnormal\"><div id=\"metaslider-id-326\" style=\"width: 100%;\" class=\"ml-slider-3-108-0 metaslider metaslider-flex metaslider-326 ml-slider has-dots-nav ms-theme-default\" role=\"region\" aria-label=\"L&#039;orgue de la chapelle ducale\" data-height=\"850\" data-width=\"700\">\n    <div id=\"metaslider_container_326\">\n        <div id=\"metaslider_326\">\n            <ul class='slides'>\n                <li style=\"display: block; width: 100%;\" class=\"slide-327 ms-image \" aria-roledescription=\"slide\" data-date=\"2024-03-04 22:58:03\" data-filename=\"orgue-chapelle-ducale.jpg\" data-slide-type=\"image\"><img loading=\"lazy\" decoding=\"async\" width=\"598\" height=\"800\" src=\"https:\/\/lesamisdelasaintechapelle.com\/wp-content\/uploads\/2024\/03\/orgue-chapelle-ducale.jpg\" class=\"slider-326 slide-327 msDefaultImage\" alt=\"\" rel=\"\" title=\"Orgue de la chapelle ducale\" style=\"margin: 0 auto; width: 90.767857142857%\" srcset=\"https:\/\/lesamisdelasaintechapelle.com\/wp-content\/uploads\/2024\/03\/orgue-chapelle-ducale.jpg 598w, https:\/\/lesamisdelasaintechapelle.com\/wp-content\/uploads\/2024\/03\/orgue-chapelle-ducale-224x300.jpg 224w\" sizes=\"auto, (max-width: 598px) 100vw, 598px\" \/><div class=\"caption-wrap\"><div class=\"caption\">Orgue de la chapelle ducale<\/div><\/div><\/li>\n                <li style=\"display: none; width: 100%;\" class=\"slide-328 ms-image \" aria-roledescription=\"slide\" data-date=\"2024-03-04 22:58:03\" data-filename=\"photo-2.jpg\" data-slide-type=\"image\"><img loading=\"lazy\" decoding=\"async\" width=\"478\" height=\"640\" src=\"https:\/\/lesamisdelasaintechapelle.com\/wp-content\/uploads\/2024\/03\/photo-2.jpg\" class=\"slider-326 slide-328 msDefaultImage\" alt=\"\" rel=\"\" title=\"D\u00e9tail de l&#039;orgue 1\" style=\"margin: 0 auto; width: 90.691964285714%\" srcset=\"https:\/\/lesamisdelasaintechapelle.com\/wp-content\/uploads\/2024\/03\/photo-2.jpg 478w, https:\/\/lesamisdelasaintechapelle.com\/wp-content\/uploads\/2024\/03\/photo-2-224x300.jpg 224w\" sizes=\"auto, (max-width: 478px) 100vw, 478px\" \/><div class=\"caption-wrap\"><div class=\"caption\">D\u00e9tail de l'orgue<\/div><\/div><\/li>\n                <li style=\"display: none; width: 100%;\" class=\"slide-329 ms-image \" aria-roledescription=\"slide\" data-date=\"2024-03-04 22:58:03\" data-filename=\"detail-orgue.jpg\" data-slide-type=\"image\"><img loading=\"lazy\" decoding=\"async\" width=\"478\" height=\"640\" src=\"https:\/\/lesamisdelasaintechapelle.com\/wp-content\/uploads\/2024\/03\/detail-orgue.jpg\" class=\"slider-326 slide-329 msDefaultImage\" alt=\"\" rel=\"\" title=\"D\u00e9tail de l&#039;orgue 2\" style=\"margin: 0 auto; width: 90.691964285714%\" srcset=\"https:\/\/lesamisdelasaintechapelle.com\/wp-content\/uploads\/2024\/03\/detail-orgue.jpg 478w, https:\/\/lesamisdelasaintechapelle.com\/wp-content\/uploads\/2024\/03\/detail-orgue-224x300.jpg 224w\" sizes=\"auto, (max-width: 478px) 100vw, 478px\" \/><div class=\"caption-wrap\"><div class=\"caption\">D\u00e9tail de l'orgue<\/div><\/div><\/li>\n            <\/ul>\n        <\/div>\n        \n    <\/div>\n<\/div><\/div>\n<\/div>\n<\/div>\n","protected":false},"excerpt":{"rendered":"<p>L\u2019orgue de la Ste Chapelle de Chamb\u00e9ry vient d\u2019\u00eatre restaur\u00e9 par l\u2019atelier de Bertrand Cattiaux, facteur d\u2019orgues en Corr\u00e8ze. Ce facteur a restaur\u00e9 beaucoup d\u2019orgues historiques fran\u00e7ais et construit, entre autres, l\u2019orgue de &nbsp;la Chapelle royale du Ch\u00e2teau de Versailles. Il travaille en ce moment, avec Pascal Quoirin, \u00e0 la restauration du grand orgue de [&hellip;]<\/p>\n","protected":false},"author":1,"featured_media":0,"parent":0,"menu_order":0,"comment_status":"closed","ping_status":"closed","template":"","meta":{"_monsterinsights_skip_tracking":false,"_monsterinsights_sitenote_active":false,"_monsterinsights_sitenote_note":"","_monsterinsights_sitenote_category":0,"footnotes":""},"folder":[],"class_list":["post-204","page","type-page","status-publish","hentry"],"aioseo_notices":[],"_links":{"self":[{"href":"https:\/\/lesamisdelasaintechapelle.com\/index.php\/wp-json\/wp\/v2\/pages\/204","targetHints":{"allow":["GET"]}}],"collection":[{"href":"https:\/\/lesamisdelasaintechapelle.com\/index.php\/wp-json\/wp\/v2\/pages"}],"about":[{"href":"https:\/\/lesamisdelasaintechapelle.com\/index.php\/wp-json\/wp\/v2\/types\/page"}],"author":[{"embeddable":true,"href":"https:\/\/lesamisdelasaintechapelle.com\/index.php\/wp-json\/wp\/v2\/users\/1"}],"replies":[{"embeddable":true,"href":"https:\/\/lesamisdelasaintechapelle.com\/index.php\/wp-json\/wp\/v2\/comments?post=204"}],"version-history":[{"count":4,"href":"https:\/\/lesamisdelasaintechapelle.com\/index.php\/wp-json\/wp\/v2\/pages\/204\/revisions"}],"predecessor-version":[{"id":332,"href":"https:\/\/lesamisdelasaintechapelle.com\/index.php\/wp-json\/wp\/v2\/pages\/204\/revisions\/332"}],"wp:attachment":[{"href":"https:\/\/lesamisdelasaintechapelle.com\/index.php\/wp-json\/wp\/v2\/media?parent=204"}],"wp:term":[{"taxonomy":"folder","embeddable":true,"href":"https:\/\/lesamisdelasaintechapelle.com\/index.php\/wp-json\/wp\/v2\/folder?post=204"}],"curies":[{"name":"wp","href":"https:\/\/api.w.org\/{rel}","templated":true}]}}

<div class="wp-block-columns are-vertically-aligned-center is-layout-flex wp-container-core-columns-is-layout-9d6595d7 wp-block-columns-is-layout-flex">
<div class="wp-block-column is-vertically-aligned-center is-layout-flow wp-block-column-is-layout-flow" style="flex-basis:60%">
<p>L’orgue de la Ste Chapelle de Chambéry vient d’être restauré par l’atelier de Bertrand Cattiaux, facteur d’orgues en Corrèze. Ce facteur a restauré beaucoup d’orgues historiques français et construit, entre autres, l’orgue de &nbsp;la Chapelle royale du Château de Versailles. Il travaille en ce moment, avec Pascal Quoirin, à la restauration du grand orgue de Notre Dame de Paris.</p>



<p>L’orgue de la Ste Chapelle de Chambéry a été construit en 1975, sous l’impulsion des Amis de la Sainte Chapelle et de Michel Dumont-Mollard, dans un buffet ancien, de François Cuénot, daté de 1675. Il ne restait rien de l’instrument originel de Etienne Sénot construit dans cette boiserie.</p>



<p>Cet instrument a été construit par la manufacture lorraine Haepfer-Erman. Après de très nombreux concerts et une utilisation intensive par le Conservatoire, une restauration s’imposait. Le projet, engagé depuis plus d’une décennie, s’est logiquement concrétisé après la restauration de l’intérieur de l’édifice.</p>



<p>Le Conseil Général de la Savoie, propriétaire de l’orgue, a entièrement financé la présente restauration.</p>



<p>Celle-ci a consisté en un démontage total de la tuyauterie, une reprise de la composition, avec changement de certains jeux, et un complète réharmonisation de l’ensemble. Les choix esthétiques de cette restauration, établis conjointement par le technicien conseil Eric Brottier, les principaux utilisateurs Etienne Baillot et Dominique Chalmin, ainsi que le facteur, orientent l’instrument vers des sonorités baroques germaniques.</p>
</div>



<div class="wp-block-column is-vertically-aligned-center is-layout-flow wp-block-column-is-layout-flow" style="flex-basis:40%">
<div class="alignnormal"><div id="metaslider-id-326" style="width: 100%;" class="ml-slider-3-108-0 metaslider metaslider-flex metaslider-326 ml-slider has-dots-nav ms-theme-default" role="region" aria-label="L&#039;orgue de la chapelle ducale" data-height="850" data-width="700">
    <div id="metaslider_container_326">
        <div id="metaslider_326">
            <ul class='slides'>
                <li style="display: block; width: 100%;" class="slide-327 ms-image " aria-roledescription="slide" data-date="2024-03-04 22:58:03" data-filename="orgue-chapelle-ducale.jpg" data-slide-type="image"><img loading="lazy" decoding="async" width="598" height="800" src="https://lesamisdelasaintechapelle.com/wp-content/uploads/2024/03/orgue-chapelle-ducale.jpg" class="slider-326 slide-327 msDefaultImage" alt="" rel="" title="Orgue de la chapelle ducale" style="margin: 0 auto; width: 90.767857142857%" srcset="https://lesamisdelasaintechapelle.com/wp-content/uploads/2024/03/orgue-chapelle-ducale.jpg 598w, https://lesamisdelasaintechapelle.com/wp-content/uploads/2024/03/orgue-chapelle-ducale-224x300.jpg 224w" sizes="auto, (max-width: 598px) 100vw, 598px" /><div class="caption-wrap"><div class="caption">Orgue de la chapelle ducale</div></div></li>
                <li style="display: none; width: 100%;" class="slide-328 ms-image " aria-roledescription="slide" data-date="2024-03-04 22:58:03" data-filename="photo-2.jpg" data-slide-type="image"><img loading="lazy" decoding="async" width="478" height="640" src="https://lesamisdelasaintechapelle.com/wp-content/uploads/2024/03/photo-2.jpg" class="slider-326 slide-328 msDefaultImage" alt="" rel="" title="Détail de l&#039;orgue 1" style="margin: 0 auto; width: 90.691964285714%" srcset="https://lesamisdelasaintechapelle.com/wp-content/uploads/2024/03/photo-2.jpg 478w, https://lesamisdelasaintechapelle.com/wp-content/uploads/2024/03/photo-2-224x300.jpg 224w" sizes="auto, (max-width: 478px) 100vw, 478px" /><div class="caption-wrap"><div class="caption">Détail de l'orgue</div></div></li>
                <li style="display: none; width: 100%;" class="slide-329 ms-image " aria-roledescription="slide" data-date="2024-03-04 22:58:03" data-filename="detail-orgue.jpg" data-slide-type="image"><img loading="lazy" decoding="async" width="478" height="640" src="https://lesamisdelasaintechapelle.com/wp-content/uploads/2024/03/detail-orgue.jpg" class="slider-326 slide-329 msDefaultImage" alt="" rel="" title="Détail de l&#039;orgue 2" style="margin: 0 auto; width: 90.691964285714%" srcset="https://lesamisdelasaintechapelle.com/wp-content/uploads/2024/03/detail-orgue.jpg 478w, https://lesamisdelasaintechapelle.com/wp-content/uploads/2024/03/detail-orgue-224x300.jpg 224w" sizes="auto, (max-width: 478px) 100vw, 478px" /><div class="caption-wrap"><div class="caption">Détail de l'orgue</div></div></li>
            </ul>
        </div>
        
    </div>
</div></div>
</div>
</div>

<p>L’orgue de la Ste Chapelle de Chambéry vient d’être restauré par l’atelier de Bertrand Cattiaux, facteur d’orgues en Corrèze. Ce facteur a restauré beaucoup d’orgues historiques français et construit, entre autres, l’orgue de &nbsp;la Chapelle royale du Château de Versailles. Il travaille en ce moment, avec Pascal Quoirin, à la restauration du grand orgue de [&hellip;]</p>
