{"id":130,"date":"2024-03-04T18:34:30","date_gmt":"2024-03-04T17:34:30","guid":{"rendered":"https:\/\/lesamisdelasaintechapelle.com\/?page_id=130"},"modified":"2024-04-11T12:00:53","modified_gmt":"2024-04-11T10:00:53","slug":"les-types-de-concerts","status":"publish","type":"page","link":"https:\/\/lesamisdelasaintechapelle.com\/index.php\/les-types-de-concerts\/","title":{"rendered":"Les types de concerts"},"content":{"rendered":"\n<h3 class=\"wp-block-heading\">\u00ab\u00a0CONCERTS D\u00c9COUVERTE\u00a0\u00bb<\/h3>\n\n\n\n<div class=\"wp-block-columns are-vertically-aligned-center is-layout-flex wp-container-core-columns-is-layout-9d6595d7 wp-block-columns-is-layout-flex\">\n<div class=\"wp-block-column is-vertically-aligned-center is-layout-flow wp-block-column-is-layout-flow\" style=\"flex-basis:25%\">\n<figure class=\"wp-block-image size-full\"><img loading=\"lazy\" decoding=\"async\" width=\"1000\" height=\"750\" src=\"https:\/\/lesamisdelasaintechapelle.com\/wp-content\/uploads\/2024\/03\/assistance.au_.concert.du_.6.octobre.2006.jpg\" alt=\"\" class=\"wp-image-158\" srcset=\"https:\/\/lesamisdelasaintechapelle.com\/wp-content\/uploads\/2024\/03\/assistance.au_.concert.du_.6.octobre.2006.jpg 1000w, https:\/\/lesamisdelasaintechapelle.com\/wp-content\/uploads\/2024\/03\/assistance.au_.concert.du_.6.octobre.2006-300x225.jpg 300w, https:\/\/lesamisdelasaintechapelle.com\/wp-content\/uploads\/2024\/03\/assistance.au_.concert.du_.6.octobre.2006-768x576.jpg 768w, https:\/\/lesamisdelasaintechapelle.com\/wp-content\/uploads\/2024\/03\/assistance.au_.concert.du_.6.octobre.2006-600x450.jpg 600w\" sizes=\"auto, (max-width: 1000px) 100vw, 1000px\" \/><\/figure>\n<\/div>\n\n\n\n<div class=\"wp-block-column is-vertically-aligned-center is-layout-flow wp-block-column-is-layout-flow\" style=\"flex-basis:75%\">\n<ul class=\"wp-block-list\">\n<li>Ont lieu \u00e0 la fin des visites de la Sainte-Chapelle<\/li>\n\n\n\n<li>Autour de musiciens ayant s\u00e9journ\u00e9 dans la r\u00e9gion<\/li>\n\n\n\n<li>D\u00e9couverte des instruments du Moyen-Age au Baroque<\/li>\n\n\n\n<li>\u00c9v\u00e8nements \u00e0 f\u00eater en musique<\/li>\n<\/ul>\n<\/div>\n<\/div>\n\n\n\n<hr class=\"wp-block-separator has-text-color has-alpha-channel-opacity has-background is-style-wide\" style=\"background-color:#41c7c0;color:#41c7c0\"\/>\n\n\n\n<h3 class=\"wp-block-heading\">PETITS CONCERTS VARI\u00c9S<\/h3>\n\n\n\n<div class=\"wp-block-columns are-vertically-aligned-center is-layout-flex wp-container-core-columns-is-layout-9d6595d7 wp-block-columns-is-layout-flex\">\n<div class=\"wp-block-column is-vertically-aligned-center is-layout-flow wp-block-column-is-layout-flow\" style=\"flex-basis:40%\">\n<p>L&rsquo;objectif de notre association est la mise en valeur et l&rsquo;animation du monument historique appel\u00e9 Sainte-Chapelle du Ch\u00e2teau des Ducs de Savoie, avec l&rsquo;adjonction de l&rsquo;animation musicale du lieu.<\/p>\n\n\n\n<p>Depuis 2006, elle permet \u00e0 de nombreux savoyards, ou h\u00f4tes de notre ville d&rsquo;assister \u00e0 des concerts mensuels chaque deuxi\u00e8me samedi des mois de septembre \u00e0 d\u00e9cembre et de avril \u00e0 juin.<\/p>\n<\/div>\n\n\n\n<div class=\"wp-block-column is-vertically-aligned-center is-layout-flow wp-block-column-is-layout-flow\" style=\"flex-basis:60%\">\n<div class=\"alignnormal\"><div id=\"metaslider-id-342\" style=\"width: 100%;\" class=\"ml-slider-3-108-0 metaslider metaslider-flex metaslider-342 ml-slider has-dots-nav ms-theme-default\" role=\"region\" aria-label=\"Petits concerts vari\u00e9s\" data-height=\"500\" data-width=\"700\">\n    <div id=\"metaslider_container_342\">\n        <div id=\"metaslider_342\">\n            <ul class='slides'>\n                <li style=\"display: block; width: 100%;\" class=\"slide-343 ms-image \" aria-roledescription=\"slide\" data-date=\"2024-03-04 23:12:08\" data-filename=\"concert-leclair-58-1-1.jpg\" data-slide-type=\"image\"><img loading=\"lazy\" decoding=\"async\" width=\"1141\" height=\"757\" src=\"https:\/\/lesamisdelasaintechapelle.com\/wp-content\/uploads\/2024\/03\/concert-leclair-58-1-1.jpg\" class=\"slider-342 slide-343 msDefaultImage\" alt=\"\" rel=\"\" title=\"Concert Leclair 1\" style=\"margin-top: 2.5416301489921%\" srcset=\"https:\/\/lesamisdelasaintechapelle.com\/wp-content\/uploads\/2024\/03\/concert-leclair-58-1-1.jpg 1141w, https:\/\/lesamisdelasaintechapelle.com\/wp-content\/uploads\/2024\/03\/concert-leclair-58-1-1-300x199.jpg 300w, https:\/\/lesamisdelasaintechapelle.com\/wp-content\/uploads\/2024\/03\/concert-leclair-58-1-1-1024x679.jpg 1024w, https:\/\/lesamisdelasaintechapelle.com\/wp-content\/uploads\/2024\/03\/concert-leclair-58-1-1-768x510.jpg 768w, https:\/\/lesamisdelasaintechapelle.com\/wp-content\/uploads\/2024\/03\/concert-leclair-58-1-1-600x398.jpg 600w\" sizes=\"auto, (max-width: 1141px) 100vw, 1141px\" \/><div class=\"caption-wrap\"><div class=\"caption\">Concert Leclair<\/div><\/div><\/li>\n                <li style=\"display: none; width: 100%;\" class=\"slide-344 ms-image \" aria-roledescription=\"slide\" data-date=\"2024-03-04 23:12:08\" data-filename=\"concert-6-decembre-2012.jpg\" data-slide-type=\"image\"><img loading=\"lazy\" decoding=\"async\" width=\"1067\" height=\"800\" src=\"https:\/\/lesamisdelasaintechapelle.com\/wp-content\/uploads\/2024\/03\/concert-6-decembre-2012.jpg\" class=\"slider-342 slide-344 msDefaultImage\" alt=\"\" rel=\"\" title=\"Concert 6 d\u00e9cembre 2012 2\" style=\"margin: 0 auto; width: 95.267857142857%\" srcset=\"https:\/\/lesamisdelasaintechapelle.com\/wp-content\/uploads\/2024\/03\/concert-6-decembre-2012.jpg 1067w, https:\/\/lesamisdelasaintechapelle.com\/wp-content\/uploads\/2024\/03\/concert-6-decembre-2012-300x225.jpg 300w, https:\/\/lesamisdelasaintechapelle.com\/wp-content\/uploads\/2024\/03\/concert-6-decembre-2012-1024x768.jpg 1024w, https:\/\/lesamisdelasaintechapelle.com\/wp-content\/uploads\/2024\/03\/concert-6-decembre-2012-768x576.jpg 768w, https:\/\/lesamisdelasaintechapelle.com\/wp-content\/uploads\/2024\/03\/concert-6-decembre-2012-600x450.jpg 600w\" sizes=\"auto, (max-width: 1067px) 100vw, 1067px\" \/><div class=\"caption-wrap\"><div class=\"caption\">Concert 6 d\u00e9cembre 2012<\/div><\/div><\/li>\n                <li style=\"display: none; width: 100%;\" class=\"slide-345 ms-image \" aria-roledescription=\"slide\" data-date=\"2024-03-04 23:12:08\" data-filename=\"ste-chapelle-6-decembre-2012.jpg\" data-slide-type=\"image\"><img loading=\"lazy\" decoding=\"async\" width=\"600\" height=\"800\" src=\"https:\/\/lesamisdelasaintechapelle.com\/wp-content\/uploads\/2024\/03\/ste-chapelle-6-decembre-2012.jpg\" class=\"slider-342 slide-345 msDefaultImage\" alt=\"\" rel=\"\" title=\"Concert 6 d\u00e9cembre 2012 1\" style=\"margin: 0 auto; width: 53.571428571429%\" srcset=\"https:\/\/lesamisdelasaintechapelle.com\/wp-content\/uploads\/2024\/03\/ste-chapelle-6-decembre-2012.jpg 600w, https:\/\/lesamisdelasaintechapelle.com\/wp-content\/uploads\/2024\/03\/ste-chapelle-6-decembre-2012-225x300.jpg 225w\" sizes=\"auto, (max-width: 600px) 100vw, 600px\" \/><div class=\"caption-wrap\"><div class=\"caption\">Concert 6 d\u00e9cembre 2012<\/div><\/div><\/li>\n                <li style=\"display: none; width: 100%;\" class=\"slide-346 ms-image \" aria-roledescription=\"slide\" data-date=\"2024-03-04 23:12:08\" data-filename=\"concert-1er-novembre-2013-rdm.jpg\" data-slide-type=\"image\"><img loading=\"lazy\" decoding=\"async\" width=\"1204\" height=\"800\" src=\"https:\/\/lesamisdelasaintechapelle.com\/wp-content\/uploads\/2024\/03\/concert-1er-novembre-2013-rdm.jpg\" class=\"slider-342 slide-346 msDefaultImage\" alt=\"\" rel=\"\" title=\"SONY DSC\" style=\"margin-top: 2.4916943521595%\" srcset=\"https:\/\/lesamisdelasaintechapelle.com\/wp-content\/uploads\/2024\/03\/concert-1er-novembre-2013-rdm.jpg 1204w, https:\/\/lesamisdelasaintechapelle.com\/wp-content\/uploads\/2024\/03\/concert-1er-novembre-2013-rdm-300x199.jpg 300w, https:\/\/lesamisdelasaintechapelle.com\/wp-content\/uploads\/2024\/03\/concert-1er-novembre-2013-rdm-1024x680.jpg 1024w, https:\/\/lesamisdelasaintechapelle.com\/wp-content\/uploads\/2024\/03\/concert-1er-novembre-2013-rdm-768x510.jpg 768w, https:\/\/lesamisdelasaintechapelle.com\/wp-content\/uploads\/2024\/03\/concert-1er-novembre-2013-rdm-600x399.jpg 600w\" sizes=\"auto, (max-width: 1204px) 100vw, 1204px\" \/><\/li>\n                <li style=\"display: none; width: 100%;\" class=\"slide-347 ms-image \" aria-roledescription=\"slide\" data-date=\"2024-03-04 23:12:08\" data-filename=\"pause-bach-7-nov-14.jpg\" data-slide-type=\"image\"><img loading=\"lazy\" decoding=\"async\" width=\"1067\" height=\"800\" src=\"https:\/\/lesamisdelasaintechapelle.com\/wp-content\/uploads\/2024\/03\/pause-bach-7-nov-14.jpg\" class=\"slider-342 slide-347 msDefaultImage\" alt=\"\" rel=\"\" title=\"Pause Bach 7 novembre 2014\" style=\"margin: 0 auto; width: 95.267857142857%\" srcset=\"https:\/\/lesamisdelasaintechapelle.com\/wp-content\/uploads\/2024\/03\/pause-bach-7-nov-14.jpg 1067w, https:\/\/lesamisdelasaintechapelle.com\/wp-content\/uploads\/2024\/03\/pause-bach-7-nov-14-300x225.jpg 300w, https:\/\/lesamisdelasaintechapelle.com\/wp-content\/uploads\/2024\/03\/pause-bach-7-nov-14-1024x768.jpg 1024w, https:\/\/lesamisdelasaintechapelle.com\/wp-content\/uploads\/2024\/03\/pause-bach-7-nov-14-768x576.jpg 768w, https:\/\/lesamisdelasaintechapelle.com\/wp-content\/uploads\/2024\/03\/pause-bach-7-nov-14-600x450.jpg 600w\" sizes=\"auto, (max-width: 1067px) 100vw, 1067px\" \/><div class=\"caption-wrap\"><div class=\"caption\">Pause Bach 7 novembre 2014<\/div><\/div><\/li>\n                <li style=\"display: none; width: 100%;\" class=\"slide-348 ms-image \" aria-roledescription=\"slide\" data-date=\"2024-03-04 23:12:08\" data-filename=\"concert-3-avril.jpg\" data-slide-type=\"image\"><img loading=\"lazy\" decoding=\"async\" width=\"1200\" height=\"800\" src=\"https:\/\/lesamisdelasaintechapelle.com\/wp-content\/uploads\/2024\/03\/concert-3-avril.jpg\" class=\"slider-342 slide-348 msDefaultImage\" alt=\"\" rel=\"\" title=\"Concert 3 avril\" style=\"margin-top: 2.3809523809524%\" srcset=\"https:\/\/lesamisdelasaintechapelle.com\/wp-content\/uploads\/2024\/03\/concert-3-avril.jpg 1200w, https:\/\/lesamisdelasaintechapelle.com\/wp-content\/uploads\/2024\/03\/concert-3-avril-300x200.jpg 300w, https:\/\/lesamisdelasaintechapelle.com\/wp-content\/uploads\/2024\/03\/concert-3-avril-1024x683.jpg 1024w, https:\/\/lesamisdelasaintechapelle.com\/wp-content\/uploads\/2024\/03\/concert-3-avril-768x512.jpg 768w, https:\/\/lesamisdelasaintechapelle.com\/wp-content\/uploads\/2024\/03\/concert-3-avril-600x400.jpg 600w\" sizes=\"auto, (max-width: 1200px) 100vw, 1200px\" \/><div class=\"caption-wrap\"><div class=\"caption\">Concert 3 avril<\/div><\/div><\/li>\n            <\/ul>\n        <\/div>\n        \n    <\/div>\n<\/div><\/div>\n<\/div>\n<\/div>\n\n\n\n<hr class=\"wp-block-separator has-text-color has-alpha-channel-opacity has-background is-style-wide\" style=\"background-color:#41c7c0;color:#41c7c0\"\/>\n\n\n\n<h3 class=\"wp-block-heading\">CONCERTS DIVERS<\/h3>\n\n\n\n<p>D&rsquo;autres concerts ont lieu \u00e0 la Sainte-Chapelle. Renseignements \u00e0 l&rsquo;<a href=\"http:\/\/www.chambery-tourisme.com\/\" target=\"_blank\" rel=\"noreferrer noopener\">office du tourism<\/a><a href=\"http:\/\/www.chambery-tourisme.com\/fr\/evenements\/agenda\/\">e<\/a> de Chamb\u00e9ry et sur la <a href=\"http:\/\/lesamisdelasaintechapelle.com\/\" title=\"\">page d&rsquo;accueil<\/a> de ce site internet.<\/p>\n","protected":false},"excerpt":{"rendered":"<p>\u00ab\u00a0CONCERTS D\u00c9COUVERTE\u00a0\u00bb PETITS CONCERTS VARI\u00c9S L&rsquo;objectif de notre association est la mise en valeur et l&rsquo;animation du monument historique appel\u00e9 Sainte-Chapelle du Ch\u00e2teau des Ducs de Savoie, avec l&rsquo;adjonction de l&rsquo;animation musicale du lieu. Depuis 2006, elle permet \u00e0 de nombreux savoyards, ou h\u00f4tes de notre ville d&rsquo;assister \u00e0 des concerts mensuels chaque deuxi\u00e8me samedi [&hellip;]<\/p>\n","protected":false},"author":1,"featured_media":0,"parent":0,"menu_order":0,"comment_status":"closed","ping_status":"closed","template":"","meta":{"_monsterinsights_skip_tracking":false,"_monsterinsights_sitenote_active":false,"_monsterinsights_sitenote_note":"","_monsterinsights_sitenote_category":0,"footnotes":""},"folder":[],"class_list":["post-130","page","type-page","status-publish","hentry"],"aioseo_notices":[],"_links":{"self":[{"href":"https:\/\/lesamisdelasaintechapelle.com\/index.php\/wp-json\/wp\/v2\/pages\/130","targetHints":{"allow":["GET"]}}],"collection":[{"href":"https:\/\/lesamisdelasaintechapelle.com\/index.php\/wp-json\/wp\/v2\/pages"}],"about":[{"href":"https:\/\/lesamisdelasaintechapelle.com\/index.php\/wp-json\/wp\/v2\/types\/page"}],"author":[{"embeddable":true,"href":"https:\/\/lesamisdelasaintechapelle.com\/index.php\/wp-json\/wp\/v2\/users\/1"}],"replies":[{"embeddable":true,"href":"https:\/\/lesamisdelasaintechapelle.com\/index.php\/wp-json\/wp\/v2\/comments?post=130"}],"version-history":[{"count":7,"href":"https:\/\/lesamisdelasaintechapelle.com\/index.php\/wp-json\/wp\/v2\/pages\/130\/revisions"}],"predecessor-version":[{"id":349,"href":"https:\/\/lesamisdelasaintechapelle.com\/index.php\/wp-json\/wp\/v2\/pages\/130\/revisions\/349"}],"wp:attachment":[{"href":"https:\/\/lesamisdelasaintechapelle.com\/index.php\/wp-json\/wp\/v2\/media?parent=130"}],"wp:term":[{"taxonomy":"folder","embeddable":true,"href":"https:\/\/lesamisdelasaintechapelle.com\/index.php\/wp-json\/wp\/v2\/folder?post=130"}],"curies":[{"name":"wp","href":"https:\/\/api.w.org\/{rel}","templated":true}]}}

<h3 class="wp-block-heading">« CONCERTS DÉCOUVERTE »</h3>



<div class="wp-block-columns are-vertically-aligned-center is-layout-flex wp-container-core-columns-is-layout-9d6595d7 wp-block-columns-is-layout-flex">
<div class="wp-block-column is-vertically-aligned-center is-layout-flow wp-block-column-is-layout-flow" style="flex-basis:25%">
<figure class="wp-block-image size-full"><img loading="lazy" decoding="async" width="1000" height="750" src="https://lesamisdelasaintechapelle.com/wp-content/uploads/2024/03/assistance.au_.concert.du_.6.octobre.2006.jpg" alt="" class="wp-image-158" srcset="https://lesamisdelasaintechapelle.com/wp-content/uploads/2024/03/assistance.au_.concert.du_.6.octobre.2006.jpg 1000w, https://lesamisdelasaintechapelle.com/wp-content/uploads/2024/03/assistance.au_.concert.du_.6.octobre.2006-300x225.jpg 300w, https://lesamisdelasaintechapelle.com/wp-content/uploads/2024/03/assistance.au_.concert.du_.6.octobre.2006-768x576.jpg 768w, https://lesamisdelasaintechapelle.com/wp-content/uploads/2024/03/assistance.au_.concert.du_.6.octobre.2006-600x450.jpg 600w" sizes="auto, (max-width: 1000px) 100vw, 1000px" /></figure>
</div>



<div class="wp-block-column is-vertically-aligned-center is-layout-flow wp-block-column-is-layout-flow" style="flex-basis:75%">
<ul class="wp-block-list">
<li>Ont lieu à la fin des visites de la Sainte-Chapelle</li>



<li>Autour de musiciens ayant séjourné dans la région</li>



<li>Découverte des instruments du Moyen-Age au Baroque</li>



<li>Évènements à fêter en musique</li>
</ul>
</div>
</div>



<hr class="wp-block-separator has-text-color has-alpha-channel-opacity has-background is-style-wide" style="background-color:#41c7c0;color:#41c7c0"/>



<h3 class="wp-block-heading">PETITS CONCERTS VARIÉS</h3>



<div class="wp-block-columns are-vertically-aligned-center is-layout-flex wp-container-core-columns-is-layout-9d6595d7 wp-block-columns-is-layout-flex">
<div class="wp-block-column is-vertically-aligned-center is-layout-flow wp-block-column-is-layout-flow" style="flex-basis:40%">
<p>L&rsquo;objectif de notre association est la mise en valeur et l&rsquo;animation du monument historique appelé Sainte-Chapelle du Château des Ducs de Savoie, avec l&rsquo;adjonction de l&rsquo;animation musicale du lieu.</p>



<p>Depuis 2006, elle permet à de nombreux savoyards, ou hôtes de notre ville d&rsquo;assister à des concerts mensuels chaque deuxième samedi des mois de septembre à décembre et de avril à juin.</p>
</div>



<div class="wp-block-column is-vertically-aligned-center is-layout-flow wp-block-column-is-layout-flow" style="flex-basis:60%">
<div class="alignnormal"><div id="metaslider-id-342" style="width: 100%;" class="ml-slider-3-108-0 metaslider metaslider-flex metaslider-342 ml-slider has-dots-nav ms-theme-default" role="region" aria-label="Petits concerts variés" data-height="500" data-width="700">
    <div id="metaslider_container_342">
        <div id="metaslider_342">
            <ul class='slides'>
                <li style="display: block; width: 100%;" class="slide-343 ms-image " aria-roledescription="slide" data-date="2024-03-04 23:12:08" data-filename="concert-leclair-58-1-1.jpg" data-slide-type="image"><img loading="lazy" decoding="async" width="1141" height="757" src="https://lesamisdelasaintechapelle.com/wp-content/uploads/2024/03/concert-leclair-58-1-1.jpg" class="slider-342 slide-343 msDefaultImage" alt="" rel="" title="Concert Leclair 1" style="margin-top: 2.5416301489921%" srcset="https://lesamisdelasaintechapelle.com/wp-content/uploads/2024/03/concert-leclair-58-1-1.jpg 1141w, https://lesamisdelasaintechapelle.com/wp-content/uploads/2024/03/concert-leclair-58-1-1-300x199.jpg 300w, https://lesamisdelasaintechapelle.com/wp-content/uploads/2024/03/concert-leclair-58-1-1-1024x679.jpg 1024w, https://lesamisdelasaintechapelle.com/wp-content/uploads/2024/03/concert-leclair-58-1-1-768x510.jpg 768w, https://lesamisdelasaintechapelle.com/wp-content/uploads/2024/03/concert-leclair-58-1-1-600x398.jpg 600w" sizes="auto, (max-width: 1141px) 100vw, 1141px" /><div class="caption-wrap"><div class="caption">Concert Leclair</div></div></li>
                <li style="display: none; width: 100%;" class="slide-344 ms-image " aria-roledescription="slide" data-date="2024-03-04 23:12:08" data-filename="concert-6-decembre-2012.jpg" data-slide-type="image"><img loading="lazy" decoding="async" width="1067" height="800" src="https://lesamisdelasaintechapelle.com/wp-content/uploads/2024/03/concert-6-decembre-2012.jpg" class="slider-342 slide-344 msDefaultImage" alt="" rel="" title="Concert 6 décembre 2012 2" style="margin: 0 auto; width: 95.267857142857%" srcset="https://lesamisdelasaintechapelle.com/wp-content/uploads/2024/03/concert-6-decembre-2012.jpg 1067w, https://lesamisdelasaintechapelle.com/wp-content/uploads/2024/03/concert-6-decembre-2012-300x225.jpg 300w, https://lesamisdelasaintechapelle.com/wp-content/uploads/2024/03/concert-6-decembre-2012-1024x768.jpg 1024w, https://lesamisdelasaintechapelle.com/wp-content/uploads/2024/03/concert-6-decembre-2012-768x576.jpg 768w, https://lesamisdelasaintechapelle.com/wp-content/uploads/2024/03/concert-6-decembre-2012-600x450.jpg 600w" sizes="auto, (max-width: 1067px) 100vw, 1067px" /><div class="caption-wrap"><div class="caption">Concert 6 décembre 2012</div></div></li>
                <li style="display: none; width: 100%;" class="slide-345 ms-image " aria-roledescription="slide" data-date="2024-03-04 23:12:08" data-filename="ste-chapelle-6-decembre-2012.jpg" data-slide-type="image"><img loading="lazy" decoding="async" width="600" height="800" src="https://lesamisdelasaintechapelle.com/wp-content/uploads/2024/03/ste-chapelle-6-decembre-2012.jpg" class="slider-342 slide-345 msDefaultImage" alt="" rel="" title="Concert 6 décembre 2012 1" style="margin: 0 auto; width: 53.571428571429%" srcset="https://lesamisdelasaintechapelle.com/wp-content/uploads/2024/03/ste-chapelle-6-decembre-2012.jpg 600w, https://lesamisdelasaintechapelle.com/wp-content/uploads/2024/03/ste-chapelle-6-decembre-2012-225x300.jpg 225w" sizes="auto, (max-width: 600px) 100vw, 600px" /><div class="caption-wrap"><div class="caption">Concert 6 décembre 2012</div></div></li>
                <li style="display: none; width: 100%;" class="slide-346 ms-image " aria-roledescription="slide" data-date="2024-03-04 23:12:08" data-filename="concert-1er-novembre-2013-rdm.jpg" data-slide-type="image"><img loading="lazy" decoding="async" width="1204" height="800" src="https://lesamisdelasaintechapelle.com/wp-content/uploads/2024/03/concert-1er-novembre-2013-rdm.jpg" class="slider-342 slide-346 msDefaultImage" alt="" rel="" title="SONY DSC" style="margin-top: 2.4916943521595%" srcset="https://lesamisdelasaintechapelle.com/wp-content/uploads/2024/03/concert-1er-novembre-2013-rdm.jpg 1204w, https://lesamisdelasaintechapelle.com/wp-content/uploads/2024/03/concert-1er-novembre-2013-rdm-300x199.jpg 300w, https://lesamisdelasaintechapelle.com/wp-content/uploads/2024/03/concert-1er-novembre-2013-rdm-1024x680.jpg 1024w, https://lesamisdelasaintechapelle.com/wp-content/uploads/2024/03/concert-1er-novembre-2013-rdm-768x510.jpg 768w, https://lesamisdelasaintechapelle.com/wp-content/uploads/2024/03/concert-1er-novembre-2013-rdm-600x399.jpg 600w" sizes="auto, (max-width: 1204px) 100vw, 1204px" /></li>
                <li style="display: none; width: 100%;" class="slide-347 ms-image " aria-roledescription="slide" data-date="2024-03-04 23:12:08" data-filename="pause-bach-7-nov-14.jpg" data-slide-type="image"><img loading="lazy" decoding="async" width="1067" height="800" src="https://lesamisdelasaintechapelle.com/wp-content/uploads/2024/03/pause-bach-7-nov-14.jpg" class="slider-342 slide-347 msDefaultImage" alt="" rel="" title="Pause Bach 7 novembre 2014" style="margin: 0 auto; width: 95.267857142857%" srcset="https://lesamisdelasaintechapelle.com/wp-content/uploads/2024/03/pause-bach-7-nov-14.jpg 1067w, https://lesamisdelasaintechapelle.com/wp-content/uploads/2024/03/pause-bach-7-nov-14-300x225.jpg 300w, https://lesamisdelasaintechapelle.com/wp-content/uploads/2024/03/pause-bach-7-nov-14-1024x768.jpg 1024w, https://lesamisdelasaintechapelle.com/wp-content/uploads/2024/03/pause-bach-7-nov-14-768x576.jpg 768w, https://lesamisdelasaintechapelle.com/wp-content/uploads/2024/03/pause-bach-7-nov-14-600x450.jpg 600w" sizes="auto, (max-width: 1067px) 100vw, 1067px" /><div class="caption-wrap"><div class="caption">Pause Bach 7 novembre 2014</div></div></li>
                <li style="display: none; width: 100%;" class="slide-348 ms-image " aria-roledescription="slide" data-date="2024-03-04 23:12:08" data-filename="concert-3-avril.jpg" data-slide-type="image"><img loading="lazy" decoding="async" width="1200" height="800" src="https://lesamisdelasaintechapelle.com/wp-content/uploads/2024/03/concert-3-avril.jpg" class="slider-342 slide-348 msDefaultImage" alt="" rel="" title="Concert 3 avril" style="margin-top: 2.3809523809524%" srcset="https://lesamisdelasaintechapelle.com/wp-content/uploads/2024/03/concert-3-avril.jpg 1200w, https://lesamisdelasaintechapelle.com/wp-content/uploads/2024/03/concert-3-avril-300x200.jpg 300w, https://lesamisdelasaintechapelle.com/wp-content/uploads/2024/03/concert-3-avril-1024x683.jpg 1024w, https://lesamisdelasaintechapelle.com/wp-content/uploads/2024/03/concert-3-avril-768x512.jpg 768w, https://lesamisdelasaintechapelle.com/wp-content/uploads/2024/03/concert-3-avril-600x400.jpg 600w" sizes="auto, (max-width: 1200px) 100vw, 1200px" /><div class="caption-wrap"><div class="caption">Concert 3 avril</div></div></li>
            </ul>
        </div>
        
    </div>
</div></div>
</div>
</div>



<hr class="wp-block-separator has-text-color has-alpha-channel-opacity has-background is-style-wide" style="background-color:#41c7c0;color:#41c7c0"/>



<h3 class="wp-block-heading">CONCERTS DIVERS</h3>



<p>D&rsquo;autres concerts ont lieu à la Sainte-Chapelle. Renseignements à l&rsquo;<a href="http://www.chambery-tourisme.com/" target="_blank" rel="noreferrer noopener">office du tourism</a><a href="http://www.chambery-tourisme.com/fr/evenements/agenda/">e</a> de Chambéry et sur la <a href="http://lesamisdelasaintechapelle.com/" title="">page d&rsquo;accueil</a> de ce site internet.</p>

<p>« CONCERTS DÉCOUVERTE » PETITS CONCERTS VARIÉS L&rsquo;objectif de notre association est la mise en valeur et l&rsquo;animation du monument historique appelé Sainte-Chapelle du Château des Ducs de Savoie, avec l&rsquo;adjonction de l&rsquo;animation musicale du lieu. Depuis 2006, elle permet à de nombreux savoyards, ou hôtes de notre ville d&rsquo;assister à des concerts mensuels chaque deuxième samedi [&hellip;]</p>
